4
Calculate the greatest common divisor of 4279 and 5027.
11
Calculate the greatest common factor of 233750 and 27200.
850
Calculate the greatest common factor of 1134 and 836514.
378
Calculate the highest common factor of 1431 and 2173.
53
Calculate the greatest common divisor of 100 and 863120.
20
Calculate the highest common divisor of 3195 and 720.
45
What is the greatest common divisor of 750 and 20625?
375
What is the highest common divisor of 158513 and 4328?
541
Calculate the highest common divisor of 7030 and 37.
37
What is the greatest common factor of 5597604 and 488?
244
What is the highest common factor of 10573 and 485?
97
Calculate the highest common divisor of 10 and 10054.
2
Calculate the greatest common divisor of 741 and 1418958.
57
What is the highest common divisor of 13737 and 3021?
57
Calculate the greatest common divisor of 2553 and 229103.
23
Calculate the highest common divisor of 250 and 9795.
5
What is the highest common factor of 8200 and 490975?
1025
Calculate the highest common factor of 34864 and 16.
16
What is the greatest common factor of 544 and 1192?
8
What is the greatest common divisor of 610 and 235765?
305
What is the greatest common factor of 131459 and 47?
47
Calculate the greatest common divisor of 8348 and 4.
4
Calculate the greatest common divisor of 14094 and 5742.
522
Calculate the highest common divisor of 165335 and 32035.
215
What is the greatest common divisor of 637 and 3159?
13
Calculate the greatest common divisor of 87157 and 7.
7
What is the greatest common factor of 1 and 14401?
1
Calculate the highest common divisor of 1642 and 146.
2
Calculate the greatest common factor of 2442 and 157476.
66
What is the highest common factor of 1392 and 402114?
174
What is the highest common factor of 106573 and 51?
17
What is the greatest common factor of 18387 and 3078?
81
Calculate the greatest common factor of 7701 and 14688.
51
Calculate the highest common divisor of 264 and 27223680.
264
Calculate the greatest common divisor of 230 and 206.
2
What is the highest common factor of 2685 and 233?
1
Calculate the highest common factor of 18 and 10554.
6
Calculate the greatest common factor of 264 and 294162.
66
What is the highest common factor of 17962 and 2219?
7
What is the greatest common factor of 186 and 4235034?
186
What is the greatest common divisor of 42 and 1723638?
42
What is the greatest common divisor of 118307 and 252?
7
What is the highest common factor of 1647308 and 13?
13
What is the highest common factor of 28495 and 5330?
205
Calculate the greatest common factor of 66852 and 108.
108
What is the greatest common divisor of 3784516 and 172?
172
What is the greatest common divisor of 400 and 1540600?
200
What is the highest common factor of 24674 and 689?
13
What is the highest common divisor of 1824880 and 80?
80
Calculate the highest common divisor of 17121 and 6162.
39
Calculate the greatest common factor of 1053 and 2509.
13
What is the greatest common divisor of 102 and 18309?
51
Calculate the highest common factor of 66 and 2274228.
66
Calculate the highest common factor of 3019605 and 15.
15
Calculate the highest common factor of 449137 and 52.
13
Calculate the greatest common divisor of 134350 and 50.
50
What is the highest common factor of 10656 and 4464?
144
Calculate the highest common divisor of 19 and 22667.
19
What is the greatest common factor of 136 and 128452?
68
What is the highest common divisor of 2619 and 19?
1
What is the greatest common divisor of 26 and 23543?
13
Calculate the greatest common divisor of 160694 and 4.
2
What is the greatest common factor of 556470 and 648?
162
Calculate the highest common divisor of 276400 and 1200.
400
Calculate the highest common divisor of 31764 and 708.
12
Calculate the greatest common divisor of 1897 and 2981.
271
Calculate the highest common divisor of 575666 and 182.
182
Calculate the greatest common divisor of 152553 and 17091.
633
Calculate the highest common factor of 36783 and 42009.
201
Calculate the highest common factor of 80 and 423424.
16
What is the greatest common factor of 99 and 53559?
99
What is the highest common divisor of 76 and 42674?
38
What is the greatest common factor of 5392268 and 14?
14
What is the highest common factor of 208663 and 26?
13
Calculate the greatest common divisor of 21451 and 627.
19
Calculate the greatest common factor of 201 and 470273.
67
Calculate the highest common divisor of 472 and 28792.
472
Calculate the greatest common factor of 2346246 and 135.
27
Calculate the greatest common factor of 1068 and 532131.
267
What is the highest common factor of 462 and 81186?
42
Calculate the greatest common divisor of 56 and 88718.
14
What is the greatest common divisor of 1974 and 4326?
42
What is the highest common factor of 127414 and 418?
38
What is the highest common factor of 32 and 77856?
32
What is the greatest common factor of 8 and 8?
8
What is the greatest common divisor of 47163 and 12561?
237
Calculate the highest common factor of 2685 and 1815.
15
What is the highest common divisor of 16030 and 34808?
458
What is the highest common factor of 38735 and 20?
5
Calculate the greatest common divisor of 68 and 4337618.
34
Calculate the greatest common divisor of 84 and 23604.
84
What is the greatest common factor of 235970 and 10?
10
What is the highest common factor of 140510 and 50?
10
What is the highest common factor of 27404 and 44421?
221
Calculate the highest common divisor of 18879 and 42.
21
What is the greatest common divisor of 187136 and 3264?
1088
What is the greatest common factor of 10488 and 288?
24
Calculate the greatest common divisor of 252 and 3727836.
252
Calculate the greatest common divisor of 1147 and 67044.
37
What is the greatest common divisor of 296 and 654456?
296
Calculate the highest common divisor of 154 and 783832.
14
Calculate the greatest common factor of 3865191 and 66.
33
What is the highest common divisor of 9438 and 1694?
242
Calculate the highest common divisor of 24 and 418434.
6
Calculate the highest common divisor of 175517 and 167.
167
What is the greatest common factor of 350 and 970?
10
What is the greatest common divisor of 1462 and 9342180?
1462
What is the greatest common factor of 480 and 31440?
240
What is the highest common divisor of 1834 and 50042?
262
Calculate the highest common divisor of 623154 and 182.
14
What is the highest common divisor of 10 and 315165?
5
What is the highest common factor of 492 and 672?
12
Calculate the highest common divisor of 3417 and 204.
51
What is the highest common factor of 7060 and 2307208?
1412
Calculate the highest common divisor of 1120 and 5670.
70
Calculate the greatest common factor of 81 and 661689.
81
What is the highest common divisor of 324805 and 4940?
1235
What is the greatest common divisor of 39805 and 95?
95
Calculate the highest common divisor of 123 and 34973.
41
Calculate the highest common divisor of 378712 and 8.
8
What is the greatest common divisor of 28060 and 3680?
460
Calculate the greatest common factor of 70632 and 6966.
162
Calculate the highest common factor of 13940 and 162860.
340
What is the highest common divisor of 297 and 594693?
99
Calculate the highest common divisor of 10016 and 388746.
626
Calculate the greatest common divisor of 12448 and 32.
32
Calculate the greatest common divisor of 620 and 68882.
62
Calculate the highest common divisor of 3905 and 1045.
55
Calculate the highest common divisor of 64210 and 50.
10
Calculate the greatest common factor of 414 and 406962.
414
Calculate the greatest common factor of 936 and 124020.
468
What is the highest common factor of 78603 and 441?
21
What is the highest common factor of 28717 and 188?
47
What is the highest common factor of 47 and 8681182?
47
Calculate the highest common factor of 20 and 48155.
5
What is the greatest common factor of 7264 and 64?
32
Calculate the greatest common factor of 466122 and 138.
6
Calculate the greatest common factor of 66768 and 234.
78
What is the highest common factor of 3045 and 62685?
105
Calculate the greatest common divisor of 1884 and 49656.
12
What is the greatest common divisor of 33910 and 40?
10
Calculate the highest common factor of 352 and 3267.
11
What